of 1142450392 and 304.
152
Calculate the greatest common divisor of 68982 and 130962.
6
What is the highest common divisor of 1538840609 and 19?
19
Calculate the highest common divisor of 75 and 5364725.
25
Calculate the greatest common divisor of 46496 and 13088.
32
Calculate the greatest common divisor of 58 and 40222391.
29
What is the greatest common factor of 601924 and 8?
4
Calculate the greatest common factor of 1120959915 and 4241.
4241
What is the greatest common factor of 749 and 609853776?
749
What is the greatest common factor of 49911847 and 1037?
1037
What is the greatest common divisor of 318211903 and 2609?
2609
What is the highest common factor of 10790233 and 171?
19
What is the highest common factor of 1689895004 and 2212?
2212
Calculate the greatest common divisor of 9702 and 11061567.
99
What is the highest common divisor of 988201478 and 1397?
1397
Calculate the greatest common factor of 32 and 14226568.
8
Calculate the greatest common factor of 215523 and 51282.
693
What is the greatest common factor of 34276 and 79827?
451
Calculate the highest common factor of 6272 and 654248.
392
Calculate the highest common divisor of 8764 and 8560468.
28
Calculate the greatest common divisor of 14234671 and 33.
11
Calculate the greatest common factor of 95 and 257652768.
19
What is the highest common factor of 1092 and 194573106?
546
What is the highest common factor of 1202000 and 624?
16
What is the highest common divisor of 604337 and 10561?
59
Calculate the highest common divisor of 90 and 379798020.
90
What is the highest common divisor of 1056 and 1228777?
11
Calculate the greatest common divisor of 15827 and 2470139.
49
Calculate the greatest common factor of 10 and 6040230.
10
Calculate the highest common divisor of 149744 and 1309.
7
Calculate the highest common factor of 7937061 and 528.
33
What is the greatest common factor of 6464 and 9208?
8
What is the highest common divisor of 107725910 and 1719?
191
What is the greatest common divisor of 47310 and 661314?
114
Calculate the highest common divisor of 16656623 and 483.
23
What is the greatest common factor of 39406404 and 1806?
258
Calculate the greatest common factor of 72 and 62996499.
9
Calculate the highest common factor of 918369 and 1174233.
4569
Calculate the highest common factor of 18 and 29567826.
18
What is the highest common divisor of 98 and 7190386?
14
Calculate the highest common factor of 141 and 138139.
1
What is the highest common divisor of 42 and 3742396?
14
Calculate the highest common factor of 59558656 and 16.
16
Calculate the greatest common factor of 51946164 and 75222.
10746
Calculate the greatest common divisor of 3806 and 122738.
22
Calculate the greatest common divisor of 12404 and 7798.
14
Calculate the greatest common factor of 197817 and 21225.
849
Calculate the highest common divisor of 1155974 and 1169.
167
Calculate the greatest common factor of 2005317 and 893.
19
What is the greatest common divisor of 12426 and 55689?
57
What is the greatest common divisor of 2630 and 382928?
526
Calculate the greatest common factor of 97180954 and 156.
26
What is the highest common divisor of 8762065 and 1793?
163
Calculate the greatest common divisor of 520962 and 13442.
26
What is the highest common factor of 9178 and 6240?
26
What is the greatest common factor of 145520 and 7376?
16
Calculate the highest common factor of 241973 and 5.
1
Calculate the highest common factor of 752216 and 2512.
8
What is the highest common factor of 682400 and 332000?
800
Calculate the highest common divisor of 185560719 and 2379.
183
Calculate the greatest common divisor of 108299 and 55463.
37
Calculate the greatest common factor of 159 and 1403937723.
159
What is the greatest common factor of 1812134 and 38226?
554
Calculate the greatest common factor of 296901 and 40689.
99
Calculate the highest common factor of 322 and 1035146.
14
Calculate the greatest common divisor of 80523 and 9453.
69
What is the greatest common factor of 94 and 18737678?
94
What is the greatest common divisor of 1495 and 23214165?
65
Calculate the greatest common factor of 26884 and 3948893.
611
Calculate the greatest common factor of 26952 and 56520.
24
What is the greatest common factor of 13447369 and 26?
13
Calculate the greatest common factor of 428710 and 8193346.
1994
What is the greatest common divisor of 114 and 770466?
6
What is the highest common factor of 575316640 and 320?
160
Calculate the highest common factor of 756 and 77560308.
756
What is the greatest common factor of 1717 and 68839681?
1717
What is the highest common divisor of 1786 and 74510134?
1786
Calculate the highest common factor of 79356352 and 128.
64
Calculate the greatest common divisor of 3989020 and 81620.
140
Calculate the highest common factor of 756 and 12248292.
84
What is the highest common factor of 3775401 and 72?
9
What is the greatest common factor of 7367545 and 170?
85
Calculate the greatest common factor of 16 and 642603152.
16
What is the highest common divisor of 2429961 and 1185?
237
What is the greatest common factor of 7542 and 2375311?
419
What is the highest common factor of 26678322 and 484?
242
Calculate the greatest common divisor of 110250 and 153909.
441
Calculate the highest common factor of 172453 and 5921.
31
What is the highest common factor of 1383425 and 5895?
5
Calculate the greatest common divisor of 69904 and 88704.
16
What is the greatest common factor of 4 and 17365822?
2
Calculate the greatest common factor of 32201037 and 11.
11
What is the greatest common factor of 354987584 and 672?
224
What is the greatest common divisor of 13105 and 18485?
5
Calculate the greatest common divisor of 569286 and 19998.
18
Calculate the greatest common divisor of 543718 and 73059.
497
What is the highest common factor of 6691524 and 3996?
444
What is the greatest common divisor of 291816 and 69866?
386
Calculate the greatest common factor of 3556 and 26712672.
3556
What is the highest common divisor of 2386 and 4043881082?
2386
What is the highest common factor of 2706925 and 200?
25
What is the highest common divisor of 89433596 and 214?
214
What is the highest common factor of 25956258 and 996?
498
Calculate the highest common divisor of 91260 and 52845.
195
Calculate the greatest common factor of 33800 and 51181.
13
Calculate the greatest common divisor of 10846 and 5324264.
374
Calculate the greatest common divisor of 22 and 8075991.
11
What is the greatest common factor of 3541895 and 10850?
35
Calculate the highest common divisor of 14155 and 1443065.
745
Calculate the greatest common divisor of 8 and 5803960.
8
What is the highest common divisor of 1581332 and 100472?
76
Calculate the highest common factor of 333 and 2685867.
111
What is the highest common factor of 261 and 10543443?
87
What is the highest common divisor of 322350321 and 1086?
543
Calculate the highest common divisor of 2230 and 1738261585.
1115
What is the highest common divisor of 525 and 862275?
75
What is the highest common factor of 67 and 561546631?
67
Calculate the highest common divisor of 21930 and 997170.
1290
Calculate the highest common factor of 8374119 and 597.
597
Calculate the greatest common factor of 45 and 19591485.
15
What is the greatest common factor of 173089 and 4646485?
313
Calculate the greatest common divisor of 5426 and 558861722.
5426
Calculate the highest common factor of 4050 and 1302318.
162
What is the highest common factor of 18672 and 571086?
6
Calculate the greatest common factor of 327964 and 4732.
364
What is the highest common factor of 77200 and 3092720?
80
Calculate the greatest common factor of 27 and 21004182.
9
What is the highest common factor of 2789 and 578?
1
Calculate the highest common factor of 270 and 536530.
10
What is the greatest common factor of 9 and 658284?
3
Calculate the greatest common factor of 1070664 and 108.
12
What is the highest common divisor of 16577 and 159599?
121
What is the highest common factor of 59237 and 17782307?
1601
Calculate the highest common factor of 374957 and 374.
11
Calculate the greatest common factor of 139086 and 10242.
18
Calculate the greatest common divisor of 360 and 8462952.
72
What is the highest common factor of 